{"id":46,"date":"2019-10-31T09:51:11","date_gmt":"2019-10-31T09:51:11","guid":{"rendered":"https:\/\/www.demo.cosmoswp.com\/demo-9\/?page_id=52"},"modified":"2023-03-03T13:59:01","modified_gmt":"2023-03-03T12:59:01","slug":"leistungen","status":"publish","type":"page","link":"https:\/\/www.pp-ingenieure.de\/content\/leistungen\/","title":{"rendered":"Leistungen"},"content":{"rendered":"\n<section id=\"gm4ce6d81\" class=\"wp-block-gutentor-m4 section-gm4ce6d81 gutentor-module gutentor-advanced-columns\"><div class=\"grid-container\"><div class=\"grid-row\">\n<div id=\"col-gm209168\" class=\"wp-block-gutentor-m4-col col-gm209168 gutentor-single-column  grid-lg-12 grid-md-12 grid-12\"><div id=\"section-gm209168\" class=\"section-gm209168 gutentor-col-wrap\">\n<div id=\"section-g36bac7\" class=\"wp-block-gutentor-e1 section-g36bac7 gutentor-element gutentor-element-advanced-text\"><div class=\"gutentor-text-wrap\"><h2 class=\"gutentor-text\">Unser Leistungsspektrum<\/h2><\/div><\/div>\n\n\n\n<div id=\"section-gbcbcc8\" class=\"wp-block-gutentor-e1 section-gbcbcc8 gutentor-element gutentor-element-advanced-text\"><div class=\"gutentor-text-wrap\"><h4 class=\"gutentor-text\">W\u00e4rme-, K\u00e4lte-, Schall- und Brandschutz<\/h4><\/div><\/div>\n\n\n\n<div id=\"section-g5f56a5\" class=\"wp-block-gutentor-e1 section-g5f56a5 gutentor-element gutentor-element-advanced-text\"><div class=\"gutentor-text-wrap\"><p class=\"gutentor-text\">PPI SACHVERST\u00c4NDIGE sind \u00f6ffentlich bestellte und vereidigte Sachverst\u00e4ndige (bei Gericht zugelassen) mit Fachgebietsschwerpunkt auf<strong> Industrie-Isolierungen f\u00fcr industrielle Gro\u00dfanlagen und Kraftwerke<\/strong>. Insbesondere zu den Problemfeldern <strong>W\u00e4rme-, K\u00e4lte und Schallschutz<\/strong> werden von uns Beurteilungen auf der Basis von Berechnungen und Thermographiemessungen vorgenommen. <\/p><\/div><\/div>\n\n\n\n<div id=\"section-gfdce05\" class=\"wp-block-gutentor-e1 section-gfdce05 gutentor-element gutentor-element-advanced-text\"><div class=\"gutentor-text-wrap\"><p class=\"gutentor-text\">Zu den Feldern des W\u00e4rme-, K\u00e4lte- und Schallschutzes werden von uns Berechnungen, Beratungen und Objekt\u00fcberwachungen vorgenommen sowie baubegleitende Qualit\u00e4tssicherung und die Begleitung von Abnahmen durchgef\u00fchrt.<\/p><\/div><\/div>\n\n\n\n<section id=\"ce1c09\" class=\"section-ce1c09 gutentor-module gutentor-module-accordion\"><div class=\"grid-container\">\n<div id=\"7a1eb7\" class=\"wp-block-gutentor-m6-item section-7a1eb7 gutentor-module gutentor-module-accordion-item\"><div class=\"gutentor-module-accordion-panel g-a-panel-ce1c09\"><div class=\"gm-ah-ce1c09 gutentor-module-accordion-item-heading gutentor-module-icon-position-left\"><span class=\"gutentor-module-accordion-panel-handler\" role=\"button\"><span class=\"gutentor-module-accordion-icon\"><i class=\"gm-aio-ce1c09 gutentor-module-accordion-icon-open fas fa-arrow-circle-down\"><\/i><i class=\"gm-aic-ce1c09 gutentor-module-accordion-icon-close fas fa-minus\"><\/i><\/span><span class=\"gutentor-module-accordion-panel-handler-label\"><strong>BERATUNG<\/strong><\/span><\/span><\/div><div class=\"gm-ab-ce1c09 gutentor-module-accordion-body\">\n<div id=\"section-gfd8b82\" class=\"wp-block-gutentor-e0 section-gfd8b82 gutentor-element gutentor-element-advanced-text\"><div class=\"gutentor-text-wrap\"><p class=\"gutentor-text\">Probleml\u00f6sende Beratung der Bauherren und Bauunternehmen zum technisch m\u00f6glichen, kosteng\u00fcnstigen und optimierten Bauen, z.B.<\/p><\/div><\/div>\n\n\n\n<div id=\"section-g5d3788\" class=\"wp-block-gutentor-e7 section-g5d3788 gutentor-element gutentor-element-list\"><ul class=\"grid-row gutentor-grid-item-wrap list-indicator-icon\"><li class=\"gutentor-list-item grid-lg-12 grid-md-12 grid-12\"><span class=\"gutentor-single-item gutentor-single-item-0\"><span class=\"gutentor-list-item-wrap g-s-list-wrap\"><span class=\"gutentor-single-list-item-icon\"><i class=\"list-item-icon fas fa-arrow-right\"><\/i><\/span><span class=\"gutentor-list-item\"><p class=\"gutentor-single-item-title\">Probleml\u00f6sende Beratung zum W\u00e4rmeschutz im Industrie- und Hochbau<\/p><\/span><\/span><\/span><\/li><li class=\"gutentor-list-item grid-lg-12 grid-md-12 grid-12\"><span class=\"gutentor-single-item gutentor-single-item-1\"><span class=\"gutentor-list-item-wrap g-s-list-wrap\"><span class=\"gutentor-single-list-item-icon\"><i class=\"list-item-icon fas fa-arrow-right\"><\/i><\/span><span class=\"gutentor-list-item\"><p class=\"gutentor-single-item-title\">Probleml\u00f6sende Beratung zum vorbeugenden baulichen Brandschutz<\/p><\/span><\/span><\/span><\/li><li class=\"gutentor-list-item grid-lg-12 grid-md-12 grid-12\"><span class=\"gutentor-single-item gutentor-single-item-2\"><span class=\"gutentor-list-item-wrap g-s-list-wrap\"><span class=\"gutentor-single-list-item-icon\"><i class=\"list-item-icon fas fa-arrow-right\"><\/i><\/span><span class=\"gutentor-list-item\"><p class=\"gutentor-single-item-title\">Probleml\u00f6sende Beratung zu Hoch- und Tieftemperaturd\u00e4mmung<\/p><\/span><\/span><\/span><\/li><\/ul><\/div>\n<\/div><\/div><\/div>\n\n\n\n<div id=\"4c64b2\" class=\"wp-block-gutentor-m6-item section-4c64b2 gutentor-module gutentor-module-accordion-item\"><div class=\"gutentor-module-accordion-panel g-a-panel-ce1c09\"><div class=\"gm-ah-ce1c09 gutentor-module-accordion-item-heading gutentor-module-icon-position-left\"><span class=\"gutentor-module-accordion-panel-handler\" role=\"button\"><span class=\"gutentor-module-accordion-icon\"><i class=\"gm-aio-ce1c09 gutentor-module-accordion-icon-open fas fa-arrow-circle-down\"><\/i><i class=\"gm-aic-ce1c09 gutentor-module-accordion-icon-close fas fa-minus\"><\/i><\/span><span class=\"gutentor-module-accordion-panel-handler-label\"><strong>GUTACHTEN<\/strong><\/span><\/span><\/div><div class=\"gm-ab-ce1c09 gutentor-module-accordion-body\">\n<div id=\"section-g60980b\" class=\"wp-block-gutentor-e0 section-g60980b gutentor-element gutentor-element-advanced-text\"><div class=\"gutentor-text-wrap\"><p class=\"gutentor-text\">Unser B\u00fcro erstellt zeitnah private und gerichtliche Gutachten in den Bereichen:<\/p><\/div><\/div>\n\n\n\n<div id=\"section-gffd55b\" class=\"wp-block-gutentor-e7 section-gffd55b gutentor-element gutentor-element-list\"><ul class=\"grid-row gutentor-grid-item-wrap list-indicator-icon\"><li class=\"gutentor-list-item grid-lg-12 grid-md-12 grid-12\"><span class=\"gutentor-single-item gutentor-single-item-0\"><span class=\"gutentor-list-item-wrap g-s-list-wrap\"><span class=\"gutentor-single-list-item-icon\"><i class=\"list-item-icon fas fa-arrow-right\"><\/i><\/span><span class=\"gutentor-list-item\"><p class=\"gutentor-single-item-title\">Sch\u00e4den und M\u00e4ngel an Isolierungen von Industrie-Anlagen<\/p><\/span><\/span><\/span><\/li><li class=\"gutentor-list-item grid-lg-12 grid-md-12 grid-12\"><span class=\"gutentor-single-item gutentor-single-item-1\"><span class=\"gutentor-list-item-wrap g-s-list-wrap\"><span class=\"gutentor-single-list-item-icon\"><i class=\"list-item-icon fas fa-arrow-right\"><\/i><\/span><span class=\"gutentor-list-item\"><p class=\"gutentor-single-item-title\">Sch\u00e4den und M\u00e4ngel an Geb\u00e4uden und technischer Geb\u00e4udeausr\u00fcstung<\/p><\/span><\/span><\/span><\/li><li class=\"gutentor-list-item grid-lg-12 grid-md-12 grid-12\"><span class=\"gutentor-single-item gutentor-single-item-2\"><span class=\"gutentor-list-item-wrap g-s-list-wrap\"><span class=\"gutentor-single-list-item-icon\"><i class=\"list-item-icon fas fa-arrow-right\"><\/i><\/span><span class=\"gutentor-list-item\"><p class=\"gutentor-single-item-title\">Thermographische Analytik<\/p><\/span><\/span><\/span><\/li><li class=\"gutentor-list-item grid-lg-12 grid-md-12 grid-12\"><span class=\"gutentor-single-item gutentor-single-item-3\"><span class=\"gutentor-list-item-wrap g-s-list-wrap\"><span class=\"gutentor-single-list-item-icon\"><i class=\"list-item-icon fas fa-arrow-right\"><\/i><\/span><span class=\"gutentor-list-item\"><p class=\"gutentor-single-item-title\">Schallschutz mit Planung, Messung (u.a. bildhafte Darstellung) und Auswertung<\/p><\/span><\/span><\/span><\/li><li class=\"gutentor-list-item grid-lg-12 grid-md-12 grid-12\"><span class=\"gutentor-single-item gutentor-single-item-4\"><span class=\"gutentor-list-item-wrap g-s-list-wrap\"><span class=\"gutentor-single-list-item-icon\"><i class=\"list-item-icon fas fa-arrow-right\"><\/i><\/span><span class=\"gutentor-list-item\"><p class=\"gutentor-single-item-title\">Brandschutz<\/p><\/span><\/span><\/span><\/li><\/ul><\/div>\n\n\n\n<div id=\"section-g8e4734\" class=\"wp-block-gutentor-e1 section-g8e4734 gutentor-element gutentor-element-advanced-text\"><div class=\"gutentor-text-wrap\"><p class=\"gutentor-text\">Dokumentationen und Messungen werden generell <strong>digital aufbereitet und archiviert.<\/strong><\/p><\/div><\/div>\n<\/div><\/div><\/div>\n\n\n\n<div id=\"abc063\" class=\"wp-block-gutentor-m6-item section-abc063 gutentor-module gutentor-module-accordion-item\"><div class=\"gutentor-module-accordion-panel g-a-panel-ce1c09\"><div class=\"gm-ah-ce1c09 gutentor-module-accordion-item-heading gutentor-module-icon-position-left\"><span class=\"gutentor-module-accordion-panel-handler\" role=\"button\"><span class=\"gutentor-module-accordion-icon\"><i class=\"gm-aio-ce1c09 gutentor-module-accordion-icon-open fas fa-arrow-circle-down\"><\/i><i class=\"gm-aic-ce1c09 gutentor-module-accordion-icon-close fas fa-minus\"><\/i><\/span><span class=\"gutentor-module-accordion-panel-handler-label\"><strong>VORTR\u00c4GE<\/strong><\/span><\/span><\/div><div class=\"gm-ab-ce1c09 gutentor-module-accordion-body\">\n<div id=\"section-g6eb553\" class=\"wp-block-gutentor-e0 section-g6eb553 gutentor-element gutentor-element-advanced-text\"><div class=\"gutentor-text-wrap\"><p class=\"gutentor-text\">Unser B\u00fcro f\u00fchrt f\u00fcr Baufirmen, Isolierfirmen, Anlagenbauer, etc. Vortr\u00e4ge, z.B. zu den Themen<\/p><\/div><\/div>\n\n\n\n<div id=\"section-gb72594\" class=\"wp-block-gutentor-e7 section-gb72594 gutentor-element gutentor-element-list\"><ul class=\"grid-row gutentor-grid-item-wrap list-indicator-icon\"><li class=\"gutentor-list-item grid-lg-12 grid-md-12 grid-12\"><span class=\"gutentor-single-item gutentor-single-item-0\"><span class=\"gutentor-list-item-wrap g-s-list-wrap\"><span class=\"gutentor-single-list-item-icon\"><i class=\"list-item-icon fas fa-arrow-right\"><\/i><\/span><span class=\"gutentor-list-item\"><p class=\"gutentor-single-item-title\">technische Ausf\u00fchrung von Isolierungen<\/p><\/span><\/span><\/span><\/li><li class=\"gutentor-list-item grid-lg-12 grid-md-12 grid-12\"><span class=\"gutentor-single-item gutentor-single-item-1\"><span class=\"gutentor-list-item-wrap g-s-list-wrap\"><span class=\"gutentor-single-list-item-icon\"><i class=\"list-item-icon fas fa-arrow-right\"><\/i><\/span><span class=\"gutentor-list-item\"><p class=\"gutentor-single-item-title\">technische Ausf\u00fchrung von Sonderkonstruktionen in Verbindung mit Isolierungen<\/p><\/span><\/span><\/span><\/li><li class=\"gutentor-list-item grid-lg-12 grid-md-12 grid-12\"><span class=\"gutentor-single-item gutentor-single-item-2\"><span class=\"gutentor-list-item-wrap g-s-list-wrap\"><span class=\"gutentor-single-list-item-icon\"><i class=\"list-item-icon fas fa-arrow-right\"><\/i><\/span><span class=\"gutentor-list-item\"><p class=\"gutentor-single-item-title\">vorbeugender baulicher Brandschutz<\/p><\/span><\/span><\/span><\/li><li class=\"gutentor-list-item grid-lg-12 grid-md-12 grid-12\"><span class=\"gutentor-single-item gutentor-single-item-3\"><span class=\"gutentor-list-item-wrap g-s-list-wrap\"><span class=\"gutentor-single-list-item-icon\"><i class=\"list-item-icon fas fa-arrow-right\"><\/i><\/span><span class=\"gutentor-list-item\"><p class=\"gutentor-single-item-title\">VOB<\/p><\/span><\/span><\/span><\/li><li class=\"gutentor-list-item grid-lg-12 grid-md-12 grid-12\"><span class=\"gutentor-single-item gutentor-single-item-4\"><span class=\"gutentor-list-item-wrap g-s-list-wrap\"><span class=\"gutentor-single-list-item-icon\"><i class=\"list-item-icon fas fa-arrow-right\"><\/i><\/span><span class=\"gutentor-list-item\"><p class=\"gutentor-single-item-title\">DIN 18421<\/p><\/span><\/span><\/span><\/li><\/ul><\/div>\n\n\n\n<div id=\"section-g2273fc\" class=\"wp-block-gutentor-e1 section-g2273fc gutentor-element gutentor-element-advanced-text\"><div class=\"gutentor-text-wrap\"><p class=\"gutentor-text\">u.a. in den R\u00e4umlichkeiten der Auftraggeber durch.<\/p><\/div><\/div>\n<\/div><\/div><\/div>\n\n\n\n<div id=\"9075ec\" class=\"wp-block-gutentor-m6-item section-9075ec gutentor-module gutentor-module-accordion-item\"><div class=\"gutentor-module-accordion-panel g-a-panel-ce1c09\"><div class=\"gm-ah-ce1c09 gutentor-module-accordion-item-heading gutentor-module-icon-position-left\"><span class=\"gutentor-module-accordion-panel-handler\" role=\"button\"><span class=\"gutentor-module-accordion-icon\"><i class=\"gm-aio-ce1c09 gutentor-module-accordion-icon-open fas fa-arrow-circle-down\"><\/i><i class=\"gm-aic-ce1c09 gutentor-module-accordion-icon-close fas fa-minus\"><\/i><\/span><span class=\"gutentor-module-accordion-panel-handler-label\"><strong>TECHNISCHE UNTERST\u00dcTZUNG<\/strong><\/span><\/span><\/div><div class=\"gm-ab-ce1c09 gutentor-module-accordion-body\">\n<div id=\"section-g939563\" class=\"wp-block-gutentor-e0 section-g939563 gutentor-element gutentor-element-advanced-text\"><div class=\"gutentor-text-wrap\"><p class=\"gutentor-text\">Fachlich kompetente Beratung in Gespr\u00e4chen mit dem Auftraggeber<\/p><\/div><\/div>\n\n\n\n<div id=\"section-g213bdc\" class=\"wp-block-gutentor-e7 section-g213bdc gutentor-element gutentor-element-list\"><ul class=\"grid-row gutentor-grid-item-wrap list-indicator-icon\"><li class=\"gutentor-list-item grid-lg-12 grid-md-12 grid-12\"><span class=\"gutentor-single-item gutentor-single-item-0\"><span class=\"gutentor-list-item-wrap g-s-list-wrap\"><span class=\"gutentor-single-list-item-icon\"><i class=\"list-item-icon fas fa-arrow-right\"><\/i><\/span><span class=\"gutentor-list-item\"><p class=\"gutentor-single-item-title\">Baubegleitende \u00dcberwachung von D\u00e4mmarbeiten<\/p><\/span><\/span><\/span><\/li><li class=\"gutentor-list-item grid-lg-12 grid-md-12 grid-12\"><span class=\"gutentor-single-item gutentor-single-item-1\"><span class=\"gutentor-list-item-wrap g-s-list-wrap\"><span class=\"gutentor-single-list-item-icon\"><i class=\"list-item-icon fas fa-arrow-right\"><\/i><\/span><span class=\"gutentor-list-item\"><p class=\"gutentor-single-item-title\">Konstruktionsl\u00f6sungen f\u00fcr technische W\u00e4rmed\u00e4mmungen<\/p><\/span><\/span><\/span><\/li><li class=\"gutentor-list-item grid-lg-12 grid-md-12 grid-12\"><span class=\"gutentor-single-item gutentor-single-item-2\"><span class=\"gutentor-list-item-wrap g-s-list-wrap\"><span class=\"gutentor-single-list-item-icon\"><i class=\"list-item-icon fas fa-arrow-right\"><\/i><\/span><span class=\"gutentor-list-item\"><p class=\"gutentor-single-item-title\">Konstruktionsl\u00f6sungen f\u00fcr technischen Schallschutz<\/p><\/span><\/span><\/span><\/li><\/ul><\/div>\n<\/div><\/div><\/div>\n<\/div><\/section>\n<\/div><\/div>\n<\/div><\/div><\/section>\n","protected":false},"excerpt":{"rendered":"","protected":false},"author":1,"featured_media":0,"parent":0,"menu_order":0,"comment_status":"closed","ping_status":"closed","template":"template-gutentor-full-width.php","meta":{"footnotes":""},"class_list":["post-46","page","type-page","status-publish","hentry"],"_links":{"self":[{"href":"https:\/\/www.pp-ingenieure.de\/content\/wp-json\/wp\/v2\/pages\/46","targetHints":{"allow":["GET"]}}],"collection":[{"href":"https:\/\/www.pp-ingenieure.de\/content\/wp-json\/wp\/v2\/pages"}],"about":[{"href":"https:\/\/www.pp-ingenieure.de\/content\/wp-json\/wp\/v2\/types\/page"}],"author":[{"embeddable":true,"href":"https:\/\/www.pp-ingenieure.de\/content\/wp-json\/wp\/v2\/users\/1"}],"replies":[{"embeddable":true,"href":"https:\/\/www.pp-ingenieure.de\/content\/wp-json\/wp\/v2\/comments?post=46"}],"version-history":[{"count":26,"href":"https:\/\/www.pp-ingenieure.de\/content\/wp-json\/wp\/v2\/pages\/46\/revisions"}],"predecessor-version":[{"id":433,"href":"https:\/\/www.pp-ingenieure.de\/content\/wp-json\/wp\/v2\/pages\/46\/revisions\/433"}],"wp:attachment":[{"href":"https:\/\/www.pp-ingenieure.de\/content\/wp-json\/wp\/v2\/media?parent=46"}],"curies":[{"name":"wp","href":"https:\/\/api.w.org\/{rel}","templated":true}]}}